{"id":7,"date":"2010-02-09T23:20:43","date_gmt":"2010-02-09T23:20:43","guid":{"rendered":"http:\/\/www.rfd-zagreb.hr\/a\/?page_id=7"},"modified":"2026-03-03T10:13:23","modified_gmt":"2026-03-03T10:13:23","slug":"tribine","status":"publish","type":"page","link":"http:\/\/www.rfd-zagreb.hr\/a\/?page_id=7","title":{"rendered":"TRIBINE"},"content":{"rendered":"\n<p><strong>OBAVIJEST O STRU\u010cNIM TEMAMA NA TRIBINI SRIJEDOM U O\u017dUJKU <\/strong><strong>2026. GODINE KOJE UDRUGA ORGANIZIRA ZA \u010cLANOVE&nbsp; UDRUGE \u2013 PRAVNE OSOBE<br><\/strong><\/p>\n\n\n\n<p>U srijedu 4.3. 2026. tribina na temu:<br><strong>\u201ePRIMJENA ZAKONA O SPRJE\u010cAVANJU PRANJA NOVCA I FINANCIRANJA TERORIZMA \u2013 PRAVNI DIO\u201c<\/strong><br>Predava\u010d: <strong>mr. Darko Terek, odvjetnik<\/strong><\/p>\n\n\n\n<p>u srijedu 11.3. 2026. tribina na temu:<br><strong>\u201eFISKALIZACIJA I eRA\u010cUNI U PRAKSI \u2013 AKTUALNA PITANJA\u201c<\/strong><br>Predava\u010d: <strong>Milan Brkan, mag.oec.<\/strong><br><\/p>\n\n\n\n<p>U srijedu 18. 3. 2026. tribina na temu:<br><strong>\u201eOPOREZIVANJE PROMETA NEKRETNINA (PDV, PPN)\u201c<\/strong><br>Predava\u010d: <strong>Domagoj Bakran, mag. oec.<\/strong><br><\/p>\n\n\n\n<p>U srijedu 25. 3. 2026. tribina na temu:<br><strong>\u201ePRIMJENA ZAKONA O SPRJE\u010cAVANJU PRANJA NOVCA I FINANCIRANJA TERORIZMA \u2013 U PRAKSI\u201c<\/strong><br>Predava\u010d: <strong>Ivica Mil\u010di\u0107, univ.spec.oec.<\/strong><br><br><strong>Napomena: NAKON PREDAVANJA 4.3. i 25.3. IZDAJEMO POTVRDU NA ZAHTJEV, MOLIMO<br>DOSTAVITE NAM IME I PREZIME TE OIB PODUZE\u0106A<\/strong><\/p>\n","protected":false},"excerpt":{"rendered":"<p>OBAVIJEST O STRU\u010cNIM TEMAMA NA TRIBINI SRIJEDOM U O\u017dUJKU 2026. GODINE KOJE UDRUGA ORGANIZIRA ZA \u010cLANOVE&nbsp; UDRUGE \u2013 PRAVNE OSOBE U srijedu 4.3. 2026. tribina na temu:\u201ePRIMJENA ZAKONA O SPRJE\u010cAVANJU PRANJA NOVCA I FINANCIRANJA TERORIZMA \u2013 PRAVNI DIO\u201cPredava\u010d: mr. Darko Terek, odvjetnik u srijedu 11.3. 2026. tribina na temu:\u201eFISKALIZACIJA I eRA\u010cUNI U PRAKSI \u2013 AKTUALNA [&hellip;]<\/p>\n","protected":false},"author":1,"featured_media":0,"parent":0,"menu_order":33,"comment_status":"open","ping_status":"open","template":"","meta":{"footnotes":""},"class_list":["post-7","page","type-page","status-publish","hentry"],"_links":{"self":[{"href":"http:\/\/www.rfd-zagreb.hr\/a\/index.php?rest_route=\/wp\/v2\/pages\/7","targetHints":{"allow":["GET"]}}],"collection":[{"href":"http:\/\/www.rfd-zagreb.hr\/a\/index.php?rest_route=\/wp\/v2\/pages"}],"about":[{"href":"http:\/\/www.rfd-zagreb.hr\/a\/index.php?rest_route=\/wp\/v2\/types\/page"}],"author":[{"embeddable":true,"href":"http:\/\/www.rfd-zagreb.hr\/a\/index.php?rest_route=\/wp\/v2\/users\/1"}],"replies":[{"embeddable":true,"href":"http:\/\/www.rfd-zagreb.hr\/a\/index.php?rest_route=%2Fwp%2Fv2%2Fcomments&post=7"}],"version-history":[{"count":216,"href":"http:\/\/www.rfd-zagreb.hr\/a\/index.php?rest_route=\/wp\/v2\/pages\/7\/revisions"}],"predecessor-version":[{"id":853,"href":"http:\/\/www.rfd-zagreb.hr\/a\/index.php?rest_route=\/wp\/v2\/pages\/7\/revisions\/853"}],"wp:attachment":[{"href":"http:\/\/www.rfd-zagreb.hr\/a\/index.php?rest_route=%2Fwp%2Fv2%2Fmedia&parent=7"}],"curies":[{"name":"wp","href":"https:\/\/api.w.org\/{rel}","templated":true}]}}